 is the remainder when h(-14) is divided by 7?
4
Suppose -2*x + 7 + 3 = 0. Calculate the remainder when 19 is divided by x.
4
Suppose -2*z - 75 = -3*z. Let g = 153 - z. Suppose 5*n - 2*n - g = 0. Calculate the remainder when n is divided by 9.
8
Let z(o) = o**3 - 6*o**2 + 5*o + 2. Let i be z(5). Suppose -5 + i = -p. Calculate the remainder when 3*(-4)/18*-6 is divided by p.
1
Suppose 0*d + 4*d - 104 = 0. Let a = d + -8. What is the remainder when a is divided by 10?
8
Let m(p) = p**3 + 3*p**2 + 13*p + 3. Let b(y) = 2*y**3 + 7*y**2 + 25*y + 6. Let v(d) = 6*b(d) - 11*m(d). What is the remainder when v(-8) is divided by 3?
2
Let s be 35/28 - 2/8. Let g = -16 - -28. Calculate the remainder when (77/28)/(s/12) is divided by g.
9
Let u(j) = 4*j**3 + 2*j**2 - 4*j + 4. Let z be u(4). Let p = 37 + -26. Calculate the remainder when (-4)/(-14) + z/14 is divided by p.
9
Suppose -88 = -3*k + 2*z, 0*z + 4 = z. Suppose 2*x = -2*x + k. Calculate the remainder when 31 is divided by x.
7
Calculate the remainder when 14 is divided by (-2)/((-8)/2) + 35/10.
2
Let k = 83 - 80. What is the remainder when 13 is divided by k?
1
Suppose -n = -11 - 5. Suppose 0*y - 4*y + n = 0. Suppose 2*j + 2*c - 2 = 0, y*c = -3*j - 2 + 3. What is the remainder when 7 is divided by j?
1
Let z(s) = -2*s**2 - 27*s - 9. What is the remainder when 95 is divided by z(-12)?
14
Suppose -i = 3*x, 0 = -2*x + 3*i + 2*i. Let r = x - -2. What is the remainder when r is divided by 2?
0
Suppose -2*s - 20 = -4*s. What is the remainder when s is divided by 6?
4
Let y(b) = -b - 4. Let r be y(-7). What is the remainder when r + (-2 - -23) + -1 is divided by 13?
10
Let u(b) = 15*b + 2. Let c be u(2). Suppose c = -5*r - 8. Let o = -4 - r. What is the remainder when 7 is divided by o?
3
Let u(d) = -d**3 + 14*d**2 - 8*d - 15. What is the remainder when u(13) is divided by 13?
11
Let w = -8 + 15. Let m(y) = -y**3 - y**2 - 4. Let q be m(-2). Let c(k) = k**2 + 2*k + 12. Calculate the remainder when c(q) is divided by w.
5
Let f be (-5)/(-2) - 5/10. Suppose 3*d - 44 - 59 = -f*k, 3*k - 150 = -3*d. What is the remainder when k is divided by 12?
11
Let s(z) be the third derivative of z**5/30 - z**4/12 + z**3/6 - 2*z**2. Let x = 6 + 1. What is the remainder when s(-3) is divided by x?
4
Let x(y) = y**2 + 16*y + 1. Let l be x(-16). What is the remainder when ((-1)/(-3))/(l/33) is divided by 3?
2
Suppose -5*k + o + o = -35, -2*k - 3*o - 5 = 0. Suppose -k*z + 48 = u, -15 = 3*u - z - 79. Calculate the remainder when 66 is divided by u.
20
Suppose -3*h - 2*j - 22 = 0, -1 = -2*j - 11. Let f(n) = n**3 + 5*n**2 - 2*n - 6. Suppose -2*u - 53 = -3*u. Calculate the remainder when u is divided by f(h).
17
Let j = -2 + 34. Let f = -9 + 9. Let i(n) = -n**2 + n + 17. What is the remainder when j is divided by i(f)?
15
Let b = 62 + -46. Calculate the remainder when 61 is divided by b.
13
Let l = 0 + 14. Suppose -3*u = y + 7, 3*u = -y - 4*y + 1. What is the remainder when (-6 + u)/((-2)/6) is divided by l?
13
Let x be -1 + 4 - 0/2. Calculate the remainder when -1 + 9/x - -30 is divided by -2*3/((-12)/22).
10
Let l = -48 + 92. What is the remainder when l is divided by 23?
21
Let p = -2 + 5. Suppose -4*m + p*w + 94 = 0, -2*w = m - w - 20. Calculate the remainder when m is divided by 8.
6
What is the remainder when 13 is divided by (-13)/(-78) - (-47)/6?
5
Let h(p) = -p**3 + 6*p**2 + 7*p + 13. What is the remainder when h(7) is divided by 8?
5
Calculate the remainder when ((-234)/(-4))/((-13)/(-26)) - 3 is divided by 41.
32
Let z(s) = 3*s**2 - 3*s - 3. Let q be 2*2*(-2 + 3). Calculate the remainder when z(q) is divided by 12.
9
Let u = 10 + 2. What is the remainder when u is divided by 3?
0
Suppose 4*x - 15 = k, 4*k - 7 = -3*x + 9. Suppose -5 = -3*o - 5*i + 4*i, 3*o = -x*i - 7. Suppose 13 - 37 = -o*r. What is the remainder when r is divided by 5?
3
Suppose -3*r + 90 = -5*u - 42, 2*r + u - 101 = 0. Suppose 4*c - r - 35 = 0. Calculate the remainder when c is divided by 11.
10
What is the remainder when 2/2 - (-2 + 0/(-4)) is divided by 2?
1
Let y = 65 - 40. What is the remainder when y is divided by 3?
1
Suppose -7*n = -9*n + 26. What is the remainder when 24 is divided by n?
11
Let m = 147 - 140. Let f = 8 - 3. What is the remainder when m is divided by f?
2
Let u(o) = -5*o + 14. Let p be u(4). Let m(t) = t**2 - 9*t - 8. What is the remainder when m(p) is divided by 17?
14
Suppose -k + 3*k + 2*w - 24 = 0, 0 = -5*k + 2*w + 25. Suppose 1 - k = v. What is the remainder when 20 is divided by (v/(-9))/((-2)/(-33))?
9
Let a(q) = 6*q + 1. Let o be a(1). Calculate the remainder when (-4)/14 + 219/o is divided by 11.
9
Calculate the remainder when 72/16 + (-1)/(-2) is divided by 3.
2
Calculate the remainder when 399/9 - 2 - (-2)/3 is divided by 12.
7
Let m(i) = i**3 + 4 + 2 - 4 + 0*i**3 - i**2. Calculate the remainder when (-28)/(-6) + 1/3 is divided by m(0).
1
Suppose -5*r + z = -533, -5*z = -4*r - 4*z + 427. Suppose -120 - 15 = -5*k. What is the remainder when r is divided by k?
25
Let j(p) = p**3 + 12*p**2 - 4*p - 13. What is the remainder when j(-12) is divided by 9?
8
Suppose 3*c = -2*x + 13, -2*c - 2*c = 4*x - 32. What is the remainder when 41 is divided by x?
8
Let b be 2/10 - (-42)/15. Suppose 27 = 3*t + b*u, -3*t + 15 = -3*u - 0*u. What is the remainder when (22/8)/((-1)/(-4)) is divided by t?
4
Suppose 0*a - 4*a - s + 11 = 0, -2 = 2*s. Suppose -5*o + 25 = 5*t - a*t, -4*o - 120 = -4*t. What is the remainder when 73 is divided by t?
23
What is the remainder when 70 is divided by 2/(3 + 17/(-6))?
10
Let i = 24 + 1. Suppose -b + 4*k + i = -k, -4*b - 4*k + 28 = 0. Calculate the remainder when (-2)/4 - 171/(-6) is divided by b.
8
Let q be 26 + (-12)/(0 + 4). Suppose -2*x + q = -x. What is the remainder when 67 is divided by x?
21
Calculate the remainder when 62 is divided by -2 - 6/4*-12.
14
Suppose 4*f - 2*i - 10 = 0, 24 = 5*f + 5*i + 4. Suppose 3*q = -4*o + 2*q + 34, 0 = f*q - 6. Calculate the remainder when 26 is divided by o.
2
Suppose 3*w - 2 = 2*m + 3, 3*w - 3*m = 0. What is the remainder when 19 is divided by w?
4
What is the remainder when 83 is divided by (377/52)/((-2)/(-8))?
25
Suppose 216 = 11*h - 3*h. Calculate the remainder when 76 is divided by h.
22
Suppose z - 5 = 1. What is the remainder when 5/(5/(-3)) + 26 is divided by z?
5
Suppose -w = 3*c + 2*w - 30, -c + 3*w = -6. Let f = -22 - -7. Let g = f + 32. Calculate the remainder when g is divided by c.
8
Let t(c) = -c**3 + 10*c**2 - 6*c - 1. Let q be t(9). Suppose -q = -4*p + 58. What is the remainder when p is divided by 12?
9
Let g = -53 - -96. Let c = -29 + g. Calculate the remainder when 40 is divided by c.
12
Suppose -163 = -4*y + 1. Suppose 0 = 3*l - 0*m - 4*m - 58, -2*l - m + 46 = 0. Calculate the remainder when y is divided by l.
19
Let q(p) = -5*p**3 + p**2 + 2*p + 1. Suppose a - 30 = -4*a. Suppose 5*c = -15, -a*w + 2*w + 27 = -5*c. What is the remainder when q(-1) is divided by w?
2
Let m(t) = 22*t - 10. What is the remainder when m(4) is divided by 22?
12
Suppose 5 + 1 = -3*p, 3*i - p - 2 = 0. Suppose i*c + 2*c = 70. Let a(q) = 3*q + 3. Calculate the remainder when c is divided by a(3).
11
Suppose -4*m = -0*t + 2*t - 72, 4*m - 4*t = 84. What is the remainder when m is divided by 5?
4
Let k(a) = a**2 - 7*a + 3. Let i(x) = -5*x + 3. Let w be i(2). Let n = w + 19. Calculate the remainder when k(-4) is divided by n.
11
Calculate the remainder when 2/(-7) + 4/((-28)/(-23)) is divided by 2.
1
Let g(p) = 2*p**2 - 5*p - 5. Calculate the remainder when 110 is divided by g(-3).
26
Let r(f) = f**2 - 3*f + 3. Let b(v) = -2*v**2 + 13*v + 2. Calculate the remainder when b(6) is divided by r(3).
2
Let w(f) = -f**2 - 7*f. What is the remainder when w(-3) is divided by 7?
5
Suppose -w - 3*w + 31 = b, 4*b = -4*w + 40. Calculate the remainder when 228/9 + 4/6 is divided by w.
5
Suppose -2*o = o + 309. Let p = -74 - o. What is the remainder when p is divided by 8?
5
What is the remainder when 4/(-6)*-174 - -1 is divided by 24?
21
Let b = -19 + 15. Let x(f) = f**3 + 7*f**2 + 2*f - 5. What is the remainder when x(b) is divided by 13?
9
Suppose c = i - 516, c + 1032 = 2*i + 5*c. Suppose 4*s = -4*t + i, t + 0*s - 4*s - 149 = 0. Calculate the remainder when t is divided by 34.
31
Le